{"id":2620,"date":"2024-07-29T17:14:32","date_gmt":"2024-07-29T15:14:32","guid":{"rendered":"https:\/\/warthog.eu.com\/?page_id=2620"},"modified":"2024-07-29T17:54:12","modified_gmt":"2024-07-29T15:54:12","slug":"mentions-legales","status":"publish","type":"page","link":"https:\/\/warthog.eu.com\/index.php\/fr\/mentions-legales\/","title":{"rendered":"Mentions l\u00e9gales"},"content":{"rendered":"\t\t<div data-elementor-type=\"wp-page\" data-elementor-id=\"2620\" class=\"elementor elementor-2620\">\n\t\t\t\t<div class=\"elementor-element elementor-element-5cf2c4c e-flex e-con-boxed e-con e-parent\" data-id=\"5cf2c4c\" data-element_type=\"container\" data-e-type=\"container\">\n\t\t\t\t\t<div class=\"e-con-inner\">\n\t\t\t\t<div class=\"elementor-element elementor-element-2d4aa12 elementor-widget elementor-widget-text-editor\" data-id=\"2d4aa12\" data-element_type=\"widget\" data-e-type=\"widget\" data-widget_type=\"text-editor.default\">\n\t\t\t\t<div class=\"elementor-widget-container\">\n\t\t\t\t\t\t\t\t\t<div id=\"app\"><div class=\"sc-jGFFOr jAygDk\"><div class=\"sc-hGoxap ixauao\"><div class=\"sc-laTMn jqPgsk\">\u00a0<\/div><div class=\"sc-cNQqM gDOBBo\"><section id=\"section-824885b7\" class=\"sc-iiUIRa eDcemX\"><div class=\"sc-eLdqWK cwYXUY\"><div class=\"sc-eqPNPO ifbDUV\"><div id=\"row-ff235c90\" class=\"sc-hUfwpO hLZZIw\"><div class=\"sc-fONwsr fqYvJU\"><div class=\"sc-eqPNPO kuKLWY\"><div id=\"text-headline-f74b20cf\" class=\"sc-rBLzX beYdoj\"><p dir=\"ltr\"><strong>Mentions l\u00e9gales<\/strong><\/p><\/div><\/div><div class=\"sc-cNQqM hJlSIm\"><div id=\"text-fb62be75\" class=\"sc-rBLzX CehBu\"><div><p dir=\"ltr\">Conform\u00e9ment aux dispositions des Articles 6-III et 19 de la Loi n\u00b02004-575 du 21 juin 2004 pour la Confiance dans l\u2019\u00e9conomie num\u00e9rique, dite L.C.E.N., il est port\u00e9 \u00e0 la connaissance des utilisateurs et visiteurs, ci-apr\u00e8s l\u00a0\u00bbUtilisateur\u00a0\u00bb, du site https:\/\/www.warthog.eu.com, ci-apr\u00e8s le \u00ab\u00a0Site\u00a0\u00bb, les pr\u00e9sentes mentions l\u00e9gales.<\/p><p dir=\"ltr\">La connexion et la navigation sur le Site par l\u2019Utilisateur implique acceptation int\u00e9grale et sans r\u00e9serve des pr\u00e9sentes mentions l\u00e9gales.<\/p><p dir=\"ltr\">Ces derni\u00e8res sont accessibles sur le Site \u00e0 la rubrique \u00ab\u00a0Mentions l\u00e9gales\u00a0\u00bb \u00e0 l&rsquo;adresse : https:\/\/warthog.eu.com\/index.php\/fr\/mentions-legales\/<\/p><p dir=\"ltr\"><strong>ARTICLE 1 &#8211; L&rsquo;EDITEUR<\/strong><\/p><p dir=\"ltr\">L\u2019\u00e9dition et la direction de la publication du Site est assur\u00e9e par Cyril KOSKAS.<br \/>Domicili\u00e9 28320 Gallardon. France.<br \/>Adresse mail : <strong>warthog.contact@protonmail.com<\/strong>.<br \/>SIREN 522582998.<br \/>Ci-apr\u00e8s l'\u00a0\u00bbEditeur\u00a0\u00bb.<\/p><p dir=\"ltr\"><strong>ARTICLE 2 &#8211; L&rsquo;HEBERGEUR<\/strong><\/p><p dir=\"ltr\">L&rsquo;h\u00e9bergeur du Site est la soci\u00e9t\u00e9 OVH SAS, dont le si\u00e8ge social est situ\u00e9 au OVH SAS 2 rue Kellermann, 59100 Roubaix, France.<\/p><p dir=\"ltr\"><strong>ARTICLE 3 &#8211; ACCES AU SITE<\/strong><\/p><p dir=\"ltr\">Le Site est accessible en tout endroit, 7j\/7, 24h\/24 sauf cas de force majeure, interruption programm\u00e9e ou non et pouvant d\u00e9couler d\u2019une n\u00e9cessit\u00e9 de maintenance. En cas de modification, interruption ou suspension du Site, l&rsquo;Editeur ne saurait \u00eatre tenu responsable.<\/p><p dir=\"ltr\"><strong>ARTICLE 4 &#8211; COLLECTE DES DONNEES<\/strong><\/p><p dir=\"ltr\">Le Site assure \u00e0 l&rsquo;Utilisateur une collecte et un traitement d&rsquo;informations personnelles dans le respect de la vie priv\u00e9e conform\u00e9ment \u00e0 la loi n\u00b078-17 du 6 janvier 1978 relative \u00e0 l&rsquo;informatique, aux fichiers et aux libert\u00e9s. En vertu de la loi Informatique et Libert\u00e9s, en date du 6 janvier 1978, l&rsquo;Utilisateur dispose d&rsquo;un droit d&rsquo;acc\u00e8s, de rectification, de suppression et d&rsquo;opposition de ses donn\u00e9es personnelles. L&rsquo;Utilisateur exerce ce droit par mail \u00e0 l&rsquo;adresse email suivante : <strong>warthog.contact@protonmail.com<\/strong><\/p><p dir=\"ltr\">Toute utilisation, reproduction, diffusion, commercialisation, modification de toute ou partie du Site, sans autorisation de l\u2019Editeur est prohib\u00e9e et pourra entra\u00eener des actions et poursuites judiciaires.<\/p><\/div><\/div><\/div><\/div><\/div><\/div><\/div><\/section><\/div><\/div><\/div><\/div>\t\t\t\t\t\t\t\t<\/div>\n\t\t\t\t<\/div>\n\t\t\t\t\t<\/div>\n\t\t\t\t<\/div>\n\t\t\t\t<\/div>\n\t\t","protected":false},"excerpt":{"rendered":"<p>\u00a0 Mentions l\u00e9gales Conform\u00e9ment aux dispositions des Articles 6-III et 19 de la Loi n\u00b02004-575 du 21 juin 2004 pour la Confiance dans l\u2019\u00e9conomie num\u00e9rique, dite L.C.E.N., il est port\u00e9 \u00e0 la connaissance des utilisateurs et visiteurs, ci-apr\u00e8s l\u00a0\u00bbUtilisateur\u00a0\u00bb, du site https:\/\/www.warthog.eu.com, ci-apr\u00e8s le \u00ab\u00a0Site\u00a0\u00bb, les pr\u00e9sentes mentions l\u00e9gales. La connexion et la navigation sur [&hellip;]<\/p>\n","protected":false},"author":1,"featured_media":0,"parent":0,"menu_order":0,"comment_status":"closed","ping_status":"closed","template":"","meta":{"zakra_page_container_layout":"customizer","zakra_page_sidebar_layout":"customizer","zakra_remove_content_margin":false,"zakra_sidebar":"customizer","zakra_transparent_header":"customizer","zakra_logo":0,"zakra_main_header_style":"default","zakra_menu_item_color":"","zakra_menu_item_hover_color":"","zakra_menu_item_active_color":"","zakra_menu_active_style":"","zakra_page_header":true,"footnotes":""},"class_list":["post-2620","page","type-page","status-publish","hentry"],"_links":{"self":[{"href":"https:\/\/warthog.eu.com\/index.php\/wp-json\/wp\/v2\/pages\/2620","targetHints":{"allow":["GET"]}}],"collection":[{"href":"https:\/\/warthog.eu.com\/index.php\/wp-json\/wp\/v2\/pages"}],"about":[{"href":"https:\/\/warthog.eu.com\/index.php\/wp-json\/wp\/v2\/types\/page"}],"author":[{"embeddable":true,"href":"https:\/\/warthog.eu.com\/index.php\/wp-json\/wp\/v2\/users\/1"}],"replies":[{"embeddable":true,"href":"https:\/\/warthog.eu.com\/index.php\/wp-json\/wp\/v2\/comments?post=2620"}],"version-history":[{"count":12,"href":"https:\/\/warthog.eu.com\/index.php\/wp-json\/wp\/v2\/pages\/2620\/revisions"}],"predecessor-version":[{"id":2638,"href":"https:\/\/warthog.eu.com\/index.php\/wp-json\/wp\/v2\/pages\/2620\/revisions\/2638"}],"wp:attachment":[{"href":"https:\/\/warthog.eu.com\/index.php\/wp-json\/wp\/v2\/media?parent=2620"}],"curies":[{"name":"wp","href":"https:\/\/api.w.org\/{rel}","templated":true}]}}